*2 + 15*r + 5. Does 47 divide b(12)?
True
Let d(j) = 2*j + 16. Is 9 a factor of d(16)?
False
Suppose 0*x - x = 4. Let p be x/(-26) - 420/26. Let j = -7 - p. Is j a multiple of 9?
True
Let o(l) = l**3 - 5*l**2 - 3*l + 5. Let g be o(6). Let a = g + 17. Is 14 a factor of a?
False
Let s be (5 - -2)/((-1)/1). Let n(x) = -x**2 - 9*x - 8. Let h be n(s). Suppose -3*a - 21 = -h*a. Does 6 divide a?
False
Let j(a) = -a**3 + 20*a**2 + 47*a + 17. Is j(22) a multiple of 14?
False
Suppose -5*l + 5*p = 2*p - 135, -3*p = -l + 39. Is 8 a factor of l?
True
Suppose 0*u - 177 = -3*u. Is u a multiple of 15?
False
Is 25 a factor of ((-69)/2)/(3*4/(-24))?
False
Let r be 117/7 - (-4)/14. Suppose 4*v - 3*v = r. Let x = -7 + v. Is x a multiple of 10?
True
Suppose t = 3*g + 275, 0 = 3*t - 7*t - 4*g + 1052. Is 11 a factor of 3/(-12) + t/8?
True
Let p = 37 + 2. Is p a multiple of 9?
False
Let y(a) = -1. Let f(c) = -9*c + 8. Let s(l) = -f(l) - 5*y(l). Let u(z) = -z**3 + 7*z**2 - z + 10. Let x be u(7). Is 20 a factor of s(x)?
False
Suppose -2*x + 3*w - 3 = 2*w, 0 = x + 4*w - 21. Let r be x/4 + (-18)/8. Does 6 divide (r/4)/(1/(-12))?
True
Let k be -39*(10/6 + -2). Suppose 12 = 3*h, -j + 4*h + 0*h - k = 0. Suppose 6*x - 51 = j*x. Does 13 divide x?
False
Let p = -49 - -29. Let f = p - -78. Is f a multiple of 10?
False
Let l = 33 - 4. Suppose 170 = 5*s + 5*q, 0 = -0*s + s - 4*q - l. Does 19 divide s?
False
Suppose -5*f = -10*f. Suppose -3*i + 4*i - 40 = f. Is i a multiple of 20?
True
Does 23 divide (-11)/66 - (-830)/12?
True
Suppose 0 = -2*q - 4*l + 114, 3*q + q - 207 = -l. Does 17 divide q?
True
Suppose 0*z = 5*z + 155. Is z/(-2) + (-1)/2 a multiple of 7?
False
Let m(j) = -2*j + 10. Let h be m(0). Let i = -5 + h. Is 5 a factor of i?
True
Let h = 6 - -1. Is h a multiple of 2?
False
Suppose -3*x + 48 = 3. Suppose -x = -2*u - u. Is 2 a factor of u?
False
Suppose 360 = 3*l + 3*r, r - 1 = 4. Suppose 7*y - l = -2*q + 4*y, -177 = -3*q - 3*y. Is 31 a factor of q?
True
Suppose 0*k + 202 = 3*a + 4*k, 3*a - 200 = -5*k. Is 5 a factor of a?
True
Suppose 3 = -4*z + 19. Suppose t + 32 = 5*g, z*g + 3 = -5*t + 17. Is 2 a factor of g?
True
Suppose -5*i - 2*l - 3*l - 235 = 0, 0 = 4*l + 8. Let u = 71 + i. Does 6 divide u?
False
Let q(x) = x + 62. Let m = 3 + -3. Let t be q(m). Suppose 2*n - 5*k = t, -5*k + 3*k = 5*n - 126. Does 13 divide n?
True
Let z(c) be the first derivative of -3 - 2*c - 2*c**3 + 1/4*c**4 + 7/2*c**2. Is 6 a factor of z(5)?
False
Let s(t) be the first derivative of -t**3/3 - 5*t**2/2 - 2*t + 2. Let o be s(-3). Suppose 45 = o*i + 5*q, 0 = -5*i + q + 41 + 37. Does 11 divide i?
False
Let t = -3 + 3. Let j = t + 0. Is ((-2)/5 + j)*-45 a multiple of 12?
False
Let g = 1 - -8. Suppose 3*n = 114 + g. Is n a multiple of 15?
False
Suppose 141 = 5*a - 3*n, 5*a + 3*n - 60 = 69. Is 26 a factor of a?
False
Suppose 20 = k + k. Let u = 17 - k. Is u a multiple of 4?
False
Let l = -106 + 161. Suppose 7*m - 12*m + l = 0. Is m a multiple of 5?
False
Let v(i) = -241*i + 5. Is v(-1) a multiple of 19?
False
Does 7 divide 148 + (-36)/(-6) + -6?
False
Let q = 105 + -89. Is 2 a factor of q?
True
Let v = 22 - 2. Suppose -4*r = -5*r + v. Does 7 divide r?
False
Let o(n) = -4*n + 4. Is o(-8) a multiple of 14?
False
Suppose -a = -22 + 2. Is a a multiple of 20?
True
Let p(v) = -3*v - 1. Let k be p(-2). Suppose z - 3*c = -k, z + 4*z - 2*c = 14. Suppose 34 = h + 2*r, 3*h + 2*r - z*r = 62. Does 12 divide h?
True
Suppose -3*y - 4*j - 18 = 0, -j = y + y + 12. Let c(t) be the first derivative of -t**2 + 5*t + 1. Does 7 divide c(y)?
False
Let j(g) = 21*g - 2. Let s be j(2). Let y(t) = -t + 1. Let d(r) = 4*r - 8. Let k(v) = s*y(v) + 5*d(v). Does 14 divide k(-2)?
False
Suppose 4*f = 3*d + 41, f + 2*d - 80 = -4*f. Is 14 a factor of f?
True
Let r(a) = -a**3 - a**2 - 3*a - 7. Let q = 9 + -14. Let n be r(q). Suppose -4*w + 0 = -n. Does 8 divide w?
False
Suppose 0 = -5*u - 3 + 18. Suppose 2*p = u*p + 11. Let q = p - -15. Does 4 divide q?
True
Suppose 0*c = 3*c. Let s(j) = -4*j**3 - 2*j**2 - 2*j + 1. Let p(g) = 9*g**3 + 5*g**2 + 5*g - 3. Let a(i) = -3*p(i) - 7*s(i). Is a(c) even?
True
Let r(u) = u + 9. Let z be r(7). Let n be (2 - 3)/(2/(-4)). Suppose -n*s - z = -4*s. Is s a multiple of 6?
False
Let p(t) = 5*t + 6. Let x(i) = 15*i + 18. Let c(o) = 17*p(o) - 6*x(o). Does 5 divide c(-4)?
False
Suppose 2*y = -4, -5*k + y = 4*y - 204. Does 14 divide k?
True
Is ((-21)/4)/(1 - (-428)/(-416)) a multiple of 17?
False
Let n(s) = -5*s. Is n(-3) a multiple of 4?
False
Let d(q) = -q**3 + q**2 - q - 10. Let u be d(0). Let x be (-5)/u*(95 - 1). Suppose -4*j - 77 = -4*y + x, 4*j - 41 = -y. Does 20 divide y?
False
Suppose -2*a - 11 = -4*a + b, -3*b = a + 12. Does 3 divide a?
True
Suppose -y = -p, -4*y = y - p + 12. Let n be (-6 - y)*-2*1. Suppose -g = -n*g + 40. Is g a multiple of 8?
True
Let p = 3 + 6. Let z(j) be the third derivative of -j**6/120 + 2*j**5/15 + 3*j**4/8 + 5*j**3/3 - 4*j**2. Is z(p) a multiple of 6?
False
Let b(z) = z**2 + z - 4. Is 4 a factor of b(3)?
True
Let q(r) = -4*r**3 + r**2. Let d be q(-1). Suppose d*z + 29 = 114. Suppose 2*m - z = 7. Does 12 divide m?
True
Suppose k - 27 = 27. Is k a multiple of 12?
False
Let l(f) = -19*f + 1. Let h be l(-5). Suppose h = -t + 5*t. Is t a multiple of 24?
True
Suppose -4*p + 90 = 3*r - 7*p, 0 = 3*r - 4*p - 85. Is r a multiple of 6?
False
Suppose d - 4*n = -3*d + 120, 3*d - 4*n = 93. Does 23 divide d?
False
Let o = 18 + -25. Let t = o - -10. Is 3 a factor of t?
True
Let u(y) = 2*y + 2. Is u(9) a multiple of 8?
False
Let g be 2 + -1 - (2 - 1). Let v be (3*-1)/(-3)*g. Suppose 2*s + s = v, -44 = -4*m + 4*s. Is 5 a factor of m?
False
Suppose 6*h - 134 = -3*o + 2*h, -2*h + 172 = 4*o. Let d = 74 - o. Is d a multiple of 21?
False
Let c be (-1 - -28) + (-1 - -2). Let q be 60/14 - 8/c. Suppose q*v + 3*m - 75 = 0, 0*m + 92 = 5*v + 2*m. Is 9 a factor of v?
True
Let a(g) = -g**2 + g + 185. Let f be a(0). Suppose -4*q - q - f = 0. Is (-1 - -2)/((-1)/q) a multiple of 20?
False
Let t(s) = -s**3 + 4*s**2 - 3*s - 1. Let w be t(4). Let g(o) = o**2 + 11*o - 8. Is 9 a factor of g(w)?
True
Suppose 0 = 2*i + 5 - 31. Does 13 divide i?
True
Suppose 2*g + 4*x = 116, -4*g + 78 = -3*g - 3*x. Does 11 divide g?
True
Suppose 74 + 50 = 2*y. Is 16 a factor of y?
False
Let r = 45 - 24. Suppose t = -4*d + 84, t = d - 2*t - r. Does 7 divide d?
True
Let n be (-8)/(-10)*(-10)/(-4). Let f(q) = q**3 - 6*q**2 + 2*q + 2. Let j be f(n). Let k = 44 + j. Is 17 a factor of k?
True
Suppose 0 = -4*s + 318 + 342. Does 33 divide s?
True
Let r(w) = w**3 + 2*w**2 - 2*w - 2. Let a be r(-2). Suppose -48 = -n + 3*l, -a*n = l - 5*l - 86. Is 19 a factor of n?
False
Suppose 3*y - 27 = -3*b, 3*b - 5*y + 9 = -4. Let q = b - -9. Is q a multiple of 3?
False
Suppose 0 = -5*y - 3*s + 510, -2*s + 0*s + 204 = 2*y. Is y a multiple of 6?
True
Let x(i) = 4*i**2 + 29*i + 12. Is x(-8) a multiple of 3?
True
Let v(g) = g**2 + 5*g - 2. Let b be v(-6). Let o be (-20)/(-6) - 1/(-3)*-4. Suppose -29 = -b*s - n + 58, -o*n - 99 = -5*s. Is 11 a factor of s?
False
Let j = 8 - 5. Suppose 0 = -q - j*x - 4, 3*q + 4*x = -0 + 3. Does 2 divide q?
False
Let k(i) = i**2 + 6*i + 7. Let c be k(-5). Suppose -3*t + 210 = c*t. Is t a multiple of 21?
True
Suppose -120 = -n - 3*n. Suppose a = n - 4. Is 13 a factor of a?
True
Let v(u) = u**2 - 1. Is v(-5) a multiple of 24?
True
Let p = -200 - -290. Is 29 a factor of p?
False
Let q(w) = -5*w**3 - w**2 + 1. Let c = -2 + 7. Suppose -n + 6 = 2*n + 3*y, -2*n + 13 = c*y. Does 2 divide q(n)?
False
Suppose -i - 4 + 2 = 0. Let q(h) = -4*h - 3. Let a be q(i). Suppose -a*n = -5*r - 160, -2*r + 3*r = -4*n + 148. Is 18 a factor of n?
True
Suppose 3*a = -6 + 3, 0 = -2*n + 3*a + 99. Suppose -n = -0*g - 2*g. Let j = 39 - g. Is j a multiple of 15?
True
Suppose 0 = 7*i - 4*i - 270. Is i a multiple of 15?
True
Let z = -4 - -9. Suppose z*t - 3*c - 1 = 0, -c + 3 = -0*c. Suppose -u + 5*y + 6 = 0, 2*y - 12 = -t. Is u a multiple of 8?
False
Let m(j) be the second derivative of j**4/3 + j**2/2 - j. Suppose -3*a = -3 - 3. Is 17 a factor of m(a)?
True
Let a(q) = q**3 - 7*q**2 + 8*q - 8. Let h be a(6). Let f be (4/h)/(1/(-21)). Let k = 37 + f. Is 16 a factor of k?
True
Suppose 0*q - q + 2 = 0. Let j(w) = q + 0*w - 2*w + 14*w**2 - 2*w. Is 18 a factor 